rs of t.
5
Suppose -p - b + 27 = 0, 3*p + 5*b - 47 - 26 = 0. List the prime factors of p.
31
Let h = 13 + -9. Suppose h*d + 2 = 5*d. List the prime factors of d.
2
Let x = 25 + -7. Suppose -2*r - x = -3*r. What are the prime factors of r?
2, 3
Suppose 1147 = -5*v - 4*x, -3*x - 91 = 3*v + 596. Suppose k + 29 = -0*p + 2*p, -2*p = -2*k - 64. List the prime factors of v/k - (-2)/5.
7
Let p(n) = -n + 3. Let o be p(0). Let a be 3/9 + 11/o. Suppose a*z + 4*h - 18 = 2*h, -25 = -5*h. What are the prime factors of z?
2
Suppose -4*z = 2*a - 62, -34 = -5*z - 3*a + 43. Let l = -13 + 2. Let g = l + z. What are the prime factors of g?
5
Let b(f) = 2*f**2 - f + 1. Let o be b(2). List the prime factors of (-4)/14 - (-44)/o.
2, 3
Suppose 8*b = 4*b. Suppose -5*m + m + 56 = b. List the prime factors of m.
2, 7
Let g be 2 - ((1 - -8) + -2). Let m be (2 - -8)*2/g. Let w = m - -8. What are the prime factors of w?
2
Let z(u) = 7*u - 5. What are the prime factors of z(5)?
2, 3, 5
Let o(c) = -2*c - 5. Suppose 5*n = -20, -7*n + 5*n = -2*w. Let t be o(w). Suppose 3 = 5*m + 3*k - 7, 0 = -2*m + t*k + 4. List the prime factors of m.
2
Suppose -3*a + a - 2 = 0. What are the prime factors of -1 + a + (17 - 0)?
3, 5
Suppose 84 + 86 = 5*h. Suppose 5*s - 55 = 3*g, -s - 5 + h = 3*g. What are the prime factors of s?
2, 7
Let f = -68 + 125. List the prime factors of f.
3, 19
What are the prime factors of (-44)/(-6)*33/22?
11
Let z be (-4 - (-6)/2)*1. Let v be 2 + 3 + 1 + z. Suppose -v*h + 4 + 6 = 0. List the prime factors of h.
2
Let d(i) = i**2 + 4*i - 5. Let m be d(-5). Suppose a + 3*g + 1 = m, 4*a + 7*g - 3*g = -12. List the prime factors of (-54)/(-8) - 1/a.
7
Suppose 5*r - 3*s = -0*s + 612, -r + 104 = 4*s. What are the prime factors of r?
2, 3, 5
Let s(z) = -z**3 - 3*z**2 + 3*z + 2. Suppose -3*g = 4*t + 19, -2*t + 3*g - g - 6 = 0. List the prime factors of s(t).
2, 3
Suppose -6 = -b - 4. Let d(t) = 10*t + 2. List the prime factors of d(b).
2, 11
Let a(r) = r + 3. Let u be a(0). Let f = u + 9. List the prime factors of f.
2, 3
Let s(k) = -k**3 - 12*k**2 + 3. Let n(b) = -2*b**3 - 23*b**2 - b + 6. Let t(p) = 6*n(p) - 11*s(p). What are the prime factors of t(-5)?
2
Let f be 2/(-11) + (-2151)/(-33). Let t = 8 - 6. Suppose 0 = -d - 0*d - t*a + 19, 4*a - f = -5*d. List the prime factors of d.
3
Let u = 70 + -29. Let c = u - 20. List the prime factors of c.
3, 7
What are the prime factors of 6/(-14) + 2189/77?
2, 7
List the prime factors of ((-174)/(-4))/(22/4 + -5).
3, 29
Let d(c) = 12*c - 15. List the prime factors of d(4).
3, 11
Let q(s) = s**3 + 4*s**2 - s - 2. Let k be q(-4). Suppose 0 = -2*m + 4 - 0. Suppose m*g + 3*l = -g + 75, -4*l + 56 = k*g. List the prime factors of g.
2, 11
Suppose -3*m + 0*t + 174 = -5*t, 5*m + t - 262 = 0. What are the prime factors of m?
53
Let b(o) = -o**2 - 6*o. Let c be b(-6). Suppose -3*y - 5 = -8*y + 2*a, -3*y + a + 4 = c. What are the prime factors of 5/(10/52) - y?
23
Let d(g) = g**3 - 7*g**2 - 5*g + 4. Let f be d(8). Suppose -3*s = -5*s + f. List the prime factors of s.
2, 7
Suppose k = 43 + 47. What are the prime factors of k?
2, 3, 5
Suppose 9 = -5*z + 4*z. Let m = 11 + z. What are the prime factors of m?
2
Suppose 3*u = 5*x + 2*u - 166, -5*x = u - 164. List the prime factors of x.
3, 11
Suppose -45 = -3*d + 117. What are the prime factors of d?
2, 3
Suppose 2*l - 3 - 207 = 0. List the prime factors of l.
3, 5, 7
Suppose 2 = 5*r - 4*t - 8, 2*t - 28 = -3*r. Let l(k) be the first derivative of -k**3/3 + 4*k**2 - 2*k - 1. List the prime factors of l(r).
2, 5
Let t = 4 + -2. Let f = -4 - t. Let u(b) = b**3 + 6*b**2 - 2*b - 3. List the prime factors of u(f).
3
Let s(q) = 1. Let a(x) = -10*x - 4. Let o(j) = a(j) + 4*s(j). List the prime factors of o(-1).
2, 5
Suppose 3*o = 7*o - 3*r - 207, -4*o + 5*r + 209 = 0. List the prime factors of o.
3, 17
Let a = -16 + 5. Let q = -9 - a. What are the prime factors of q?
2
Let j(b) = -3*b**2 - 12*b + 32. Let s(u) = -u**2 - 4*u + 11. Let x(g) = -3*j(g) + 8*s(g). Let t be x(-6). List the prime factors of t - (0 - -2 - 1).
3
Suppose g - 6 = -29. Let w = 37 + g. List the prime factors of w.
2, 7
Let z be 3 + -1 + 48/3. Suppose 2*y - 4*y + z = 0. What are the prime factors of y?
3
Suppose 4*d - 5*d = 0. What are the prime factors of d + ((-16)/(-2) - -2)?
2, 5
Let u = -59 - -170. List the prime factors of u.
3, 37
Suppose -v + 23 = v + s, -5*v + 50 = 5*s. Let m = v + -3. List the prime factors of m.
2, 5
What are the prime factors of (3 - (-145)/(-25))/((-2)/20)?
2, 7
Suppose -3*z + 293 = -2*i, 6*z + i - 281 = 3*z. What are the prime factors of z?
5, 19
Let q = -15 + 11. Let s = q - -23. List the prime factors of s.
19
Suppose -6*k + 110 = -4*k. List the prime factors of k.
5, 11
Let v(a) = -13*a**3 - a**2 + 2*a - 1. Let p be v(1). Let t = 25 + p. List the prime factors of 2 + -3 + -1 + t.
2, 5
Let u be (-6)/10 + 22/(-5). Let l(q) = q**2 + 3*q - 7. List the prime factors of l(u).
3
Suppose 5*h + 19 = -2*o, 35 = -0*o + 5*o - 4*h. Suppose 0 = -0*k + k - o. Suppose -4*s + 4 = -0*s + k*y, -s = 3*y + 8. What are the prime factors of s?
2
Let k(r) = -3*r + 6. Let l(z) = -7*z + 13. Let j(q) = -9*k(q) + 4*l(q). Let i be j(-6). Suppose -i*y + 10 = -0*y + 2*s, 0 = s - 1. List the prime factors of y.
2
Suppose 0 = -5*h + 4*x - 2, h - 2*x + 5 = 1. Let z(y) = 9*y. What are the prime factors of z(h)?
2, 3
Let f = -14 + 28. List the prime factors of f.
2, 7
Suppose -4*s + 4*f = -s - 18, -2*s + 19 = -5*f. Suppose -35 - 55 = -s*a. Suppose -6*p + a = -3*p. List the prime factors of p.
3, 5
What are the prime factors of 111/21 - 6/21?
5
Suppose 0*d + a - 35 = 2*d, -4*d = -5*a + 61. Let m = d + 32. List the prime factors of m.
13
Let t(r) = r**2 + 8*r + 4. Suppose -24 = 3*i - 0*i. List the prime factors of t(i).
2
Let m(f) = 18*f**2 + 2*f - 3. What are the prime factors of m(2)?
73
Let b be (2 + -1)/(3 + -2). Let r = 3 + b. List the prime factors of r.
2
Suppose 4*r - 5*z - 175 = 0, 28 = -5*r - 5*z + 303. What are the prime factors of r?
2, 5
Let p be 3 + -6 + (-3 - 2). Let y(l) = -5*l + 7. What are the prime factors of y(p)?
47
Let o(l) = -l**3 - 6*l**2 - 2*l + 4. Let z(b) = b**3 - 6*b**2 + 5*b - 6. Let a be z(5). List the prime factors of o(a).
2
Let r be ((-92)/(-6))/(6/9). Let n = -13 + r. List the prime factors of n.
2, 5
Let q be -6*((-27)/(-2))/(-9). List the prime factors of q/(9/2) + 16.
2, 3
Let n be (-3 + 3)/(-3) - -5. Suppose 0 = -n*h - 9 + 54. Suppose -14 - h = x - 5*y, -27 = -x - 5*y. List the prime factors of x.
2
Let o(y) = y**2 + 9*y + 22. Let c(m) = m - 3. Let f be c(-6). List the prime factors of o(f).
2, 11
Suppose -u + 3*x + 53 = 23, 4*u = -4*x + 152. List the prime factors of u.
2, 3
Suppose 6*n + 3*d = n - 30, -3*n - 3*d = 18. Suppose 3*h + 3*g = -24, h + 3*h = 4*g - 56. Let f = n - h. List the prime factors of f.
5
Let o = 41 + -14. List the prime factors of o.
3
Let c(g) = 157*g**3 - 2*g**2 + g. Let t be c(1). Suppose -3*b + t = b. What are the prime factors of b?
3, 13
Let y = 11 - 13. Let z be 6/(-3) - (-4)/(-1). Let o = y - z. What are the prime factors of o?
2
Suppose -5*r - 6*h - 110 = -5*h, -15 = -3*h. Let g = -19 - r. List the prime factors of g.
2
Let a(d) = 5*d**2 + 2*d - 3. List the prime factors of a(2).
3, 7
Let z = -10 - -43. Let s = 69 - z. What are the prime factors of s?
2, 3
Let t(b) = -b**3 + 12*b**2 - 5*b + 3. What are the prime factors of t(11)?
3, 23
Suppose -1 = -p + 2. Suppose 12 = 3*a + p. List the prime factors of a.
3
Let v = 62 - 51. List the prime factors of v.
11
Let i = 27 - 85. Let l = i + 91. List the prime factors of l.
3, 11
Suppose -5*s - 5*m = -205, 0 = 2*s + 2*m - 5*m - 102. Suppose s = 2*g + g. List the prime factors of g.
3, 5
Suppose -3*s - 43 = -4*s - 2*y, 4*y = 2*s - 46. Let z = s - 3. List the prime factors of z.
2, 3, 5
Let l(m) = -m - 8. What are the prime factors of l(-10)?
2
Let d(t) = 5*t - 7. Let u be d(5). Suppose z - 4*z = y - 5, 20 = 4*y + 3*z. What are the prime factors of (u/y)/(2/5)?
3
Let l(f) = -2*f**3 - 4*f**2 - 4*f - 2. Let y be l(-2). Let h(g) = 7*g - 9*g**2 + 2 + g**3 + 2*g**2 + 3 - 1. List the prime factors of h(y).
2, 5
Let u(z) = -z**2 - 8*z + 2. Let b be (1/1)/((-3)/(-30)). Suppose -3*r + 2*j + 0*j = 14, b = -3*r + 4*j. What are the prime fa